{"id":10955,"date":"2020-07-26T10:00:21","date_gmt":"2020-07-26T15:00:21","guid":{"rendered":"https:\/\/www.aisd.net\/bowie-high-school\/?page_id=10955"},"modified":"2025-05-21T17:15:33","modified_gmt":"2025-05-21T22:15:33","slug":"pathways-in-technology","status":"publish","type":"page","link":"https:\/\/www.aisd.net\/bowie-high-school\/academics\/pathways-in-technology\/","title":{"rendered":"Pathways in Technology Early College High School"},"content":{"rendered":"\n\n\t<h2>Applications for all Specialized Programs for the 2025 &#8211; 2026 school year are now open.<\/h2>\n\t\t\t<a href=\"https:\/\/w4.aisd.net\/specialprograms\/\" target=\"_blank\" rel=\"noopener\">\n\t\t\t\t\t\t\tLEARN MORE\n\t\t\t\t\t<\/a>\n\t\t<nav>\n\t\t\t<ul>\n\t\t\t\t\t\t\t\t<li data-index=\"0\">\n\t\t\t\t\t<h4>\n\t\t\t\t\t\t<a href=\"javascript:void(0);\">English<\/a>\n\t\t\t\t\t<\/h4>\n\t\t\t\t<\/li>\n\t\t\t\t\t\t\t\t<li data-index=\"1\">\n\t\t\t\t\t<h4>\n\t\t\t\t\t\t<a href=\"javascript:void(0);\">Espanol<\/a>\n\t\t\t\t\t<\/h4>\n\t\t\t\t<\/li>\n\t\t\t\t\t\t\t<\/ul>\n\t\t<\/nav>\n\t\t\t\t\t<h4>\n\t\t\t\t\t\t \t\t\t\t\t\tEnglish\n\t\t\t\t\t\t\t\t\t\t\t<\/h4>\n\t\t\t\t\t<h2>What is P-Tech? <img decoding=\"async\" data-src=\"https:\/\/www.aisd.net\/bowie-high-school\/wp-content\/files\/sites\/25\/2020\/08\/health-sciences-logo.jpg\" alt=\"\" width=\"137\" height=\"137\" src=\"data:image\/svg+xml;base64,PHN2ZyB3aWR0aD0iMSIgaGVpZ2h0PSIxIiB4bWxucz0iaHR0cDovL3d3dy53My5vcmcvMjAwMC9zdmciPjwvc3ZnPg==\" class=\"lazyload\" style=\"--smush-placeholder-width: 137px; --smush-placeholder-aspect-ratio: 137\/137;\"><\/h2>\n<p>Pathways in Technology Early College High Schools (P-TECH) are innovative open-enrollment high schools that allow students least likely to attend college an opportunity to receive both a high school diploma and a credential and\/or an associate degree. The hallmark of the P-TECH model is its career focus and the provision\u00a0of\u00a0work-based education. P-TECH programs:<\/p>\n<ul>\n<li>Enroll historically underserved students, targeting at-risk and economically disadvantaged<\/li>\n<li>Provide students grade 9 through 12 the opportunity to complete a course of study that combines high school and post-secondary courses<\/li>\n<li>Enable students to earn a high school diploma, along with an associate degree, Level 1 or Level 2 certificate,\u00a0or industry-based certification within six years<\/li>\n<li>Offer age-appropriate work-based learning opportunity in every grade level<\/li>\n<li>Allow students to gain work experience through an internship, apprenticeship, or other job training program<\/li>\n<li>Align to regional workforce needs, guiding students into high-demand, high-wage careers<\/li>\n<li>Partner with Texas Institutions of Higher Education (IHEs) and regional businesses and industries, giving students access to post-secondary education and workforce training opportunities<\/li>\n<\/ul>\n<p>The P-TECH Blueprint provides foundational principles and standards for innovative partnerships with colleges, universities, and industry. The P-TECH Blueprint contains six benchmarks outlining the design elements that each P-TECH campus must implement before serving students. Additionally, outcome-based measures in Access, Attainment, and Achievement provide guidance for P-TECH program implementation\u00a0and continuous improvement efforts.<\/p>\n\t\t\t\t\t<h4>\n\t\t\t\t\t\t \t\t\t\t\t\tEspanol\n\t\t\t\t\t\t\t\t\t\t\t<\/h4>\n\t\t\t\t\t<h2>\u00bfQu\u00e9 es P-TECH?<\/h2>\n<p><img decoding=\"async\" data-src=\"https:\/\/www.aisd.net\/bowie-high-school\/wp-content\/files\/sites\/25\/2020\/08\/health-sciences-logo.jpg\" alt=\"\" width=\"137\" height=\"137\" src=\"data:image\/svg+xml;base64,PHN2ZyB3aWR0aD0iMSIgaGVpZ2h0PSIxIiB4bWxucz0iaHR0cDovL3d3dy53My5vcmcvMjAwMC9zdmciPjwvc3ZnPg==\" class=\"lazyload\" style=\"--smush-placeholder-width: 137px; --smush-placeholder-aspect-ratio: 137\/137;\"><br \/>Pathways in Technology Early College High Schools (P-TECH) son innovadoras escuelas de inscripci\u00f3n abierta que permiten a los estudiantes con menos probabilidades de asistir a la universidad la oportunidad de recibir un diploma de escuela secundaria y una credencial y \/ o un t\u00edtulo asociado. El sello distintivo del modelo P-TECH es su enfoque profesional y la provisi\u00f3n de educaci\u00f3n basada en el trabajo. Programas P-TECH:<\/p>\n<ul>\n<li>inscriba a estudiantes hist\u00f3ricamente desatendidos, dirigidos a personas en riesgo y econ\u00f3micamente desfavorecidas.\u00a0<\/li>\n<li>Brinde a los estudiantes del grado 9 al 12 la oportunidad de completar un curso de estudio que combine cursos de secundaria y postsecundaria.<\/li>\n<li>Permita que los estudiantes obtengan un diploma de escuela secundaria. con un t\u00edtulo de asociado, un certificado de Nivel 1 o Nivel 2, o una certificaci\u00f3n basada en la industria dentro de los seis a\u00f1os<\/li>\n<li>Ofrecer oportunidades de aprendizaje basadas en el trabajo apropiadas para la edad en cada nivel de grado<\/li>\n<li>Permitir a los estudiantes obtener experiencia laboral a trav\u00e9s de una pasant\u00eda, aprendizaje u otro programa de capacitaci\u00f3n laboral<\/li>\n<li>Alinear a las necesidades de mano de obra regional, guiar a los estudiantes en alta demanda, carreras de altos salarios<\/li>\n<li>asociados con las Instituciones de Texas de Educaci\u00f3n Superior (IES) y las empresas e industrias regionales, dando a los estudiantes acceder a la educaci\u00f3n y la mano de obra a la post-secundarias oportunidades de formaci\u00f3n<\/li>\n<\/ul>\n<p>The Blueprint P-TECH proporciona principios y est\u00e1ndares fundamentales para asociaciones innovadoras con colegios, universidades e industria. El P-TECH Blueprint contiene seis puntos de referencia que describen los elementos de dise\u00f1o que cada campus de P-TECH debe implementar antes de atender a los estudiantes. Adem\u00e1s, las medidas basadas en resultados en Acceso, Logro y Logro proporcionan orientaci\u00f3n para la implementaci\u00f3n del programa P-TECH y los esfuerzos de mejora continua.\u00a0<\/p>\n\t\t\t\t\t<!-- \/content -->\n\t<!-- \/tabs -->\n\t\t\t\t\t<img decoding=\"async\" data-src=\"https:\/\/i.ytimg.com\/vi\/i8i2z2OSxoM\/maxresdefault.jpg\" alt=\"youtube-video-thumbnail\" src=\"data:image\/svg+xml;base64,PHN2ZyB3aWR0aD0iMSIgaGVpZ2h0PSIxIiB4bWxucz0iaHR0cDovL3d3dy53My5vcmcvMjAwMC9zdmciPjwvc3ZnPg==\" class=\"lazyload\" \/>\n\t<h2>P-Tech Student News<\/h2>\n\t<p>Sorry, we couldn&#8217;t find any bulletins&#8230;<\/p>\n\t<h2>P-Tech Presentation<\/h2>\n\t\t<iframe data-src=\"https:\/\/drive.google.com\/file\/d\/1tG9xet25OdPcNqDTVf5VFWbUFB3EqTZQ\/preview\" width=\"100%\" height=\"440px;overflow:auto;\" allow=\"autoplay\" src=\"data:image\/svg+xml;base64,PHN2ZyB3aWR0aD0iMSIgaGVpZ2h0PSIxIiB4bWxucz0iaHR0cDovL3d3dy53My5vcmcvMjAwMC9zdmciPjwvc3ZnPg==\" class=\"lazyload\" data-load-mode=\"1\"><\/iframe>\t\n\t<h2>P-Tech Staff<\/h2>\n\t<div class=\"ws-dd-feedcolumns columns-14\" id=\"staff-directory\"><article><img decoding=\"async\" class=\"ws-dd-google-drive-image\" src=\"https:\/\/drive.google.com\/thumbnail?export=view&id=1XtaFbr92uGDtrAUCtd0FJSSjqqL2_Xrh&sz=w500\" alt=\"Alicia DeVaull\" \/><div class=\"ws-dd-person-information\"><h3 class=\"ws-dd-person-name\">Alicia DeVaull<\/h3><div class=\"ws-dd-person-position\">Assistant Principal<\/div><div class=\"ws-dd-person-description\">P-Tech<\/div><div class=\"ws-dd-person-phone\">682-867-4405<\/div><div class=\"ws-dd-person-email\"><a href=\"mailto:adevaull@aisd.net\">adevaull@aisd.net<\/a><\/div><\/article><article><img decoding=\"async\" class=\"ws-dd-google-drive-image\" src=\"https:\/\/drive.google.com\/thumbnail?export=view&id=1OcH9GNorY2yRIiyv4ww2y6KfDkmpquSr&sz=w500\" alt=\"Teresa Sandoval\" \/><div class=\"ws-dd-person-information\"><h3 class=\"ws-dd-person-name\">Teresa Sandoval<\/h3><div class=\"ws-dd-person-position\">Counselor, P-Tech<\/div><div class=\"ws-dd-person-phone\">682-867-4498<\/div><div class=\"ws-dd-person-email\"><a href=\"mailto:tsandova@aisd.net\">tsandova@aisd.net<\/a><\/div><\/article><article><img decoding=\"async\" class=\"ws-dd-google-drive-image\" src=\"https:\/\/drive.google.com\/thumbnail?export=view&id=12WgZeDEgedwOFVgMCX0kfwoOK6Q0H8Cb&sz=w500\" alt=\"Cecilia Hernandez\" \/><div class=\"ws-dd-person-information\"><h3 class=\"ws-dd-person-name\">Cecilia Hernandez<\/h3><div class=\"ws-dd-person-position\">Teacher<\/div><div class=\"ws-dd-person-description\">Career and Technology, PTECH<\/div><div class=\"ws-dd-person-email\"><a href=\"mailto:cherna18@aisd.net\">cherna18@aisd.net<\/a><\/div><\/article><article><img decoding=\"async\" class=\"ws-dd-google-drive-image\" src=\"https:\/\/drive.google.com\/thumbnail?export=view&id=1tlAxgbaSj_kzcm0K1che35LmxTx-o04a&sz=w500\" alt=\"Haidar Mohamed Hadi\" \/><div class=\"ws-dd-person-information\"><h3 class=\"ws-dd-person-name\">Haidar Mohamed Hadi<\/h3><div class=\"ws-dd-person-position\">Teacher<\/div><div class=\"ws-dd-person-description\">PTECH<\/div><div class=\"ws-dd-person-email\"><a href=\"mailto:hmohamed@aisd.net\">hmohamed@aisd.net<\/a><\/div><\/article><article><img decoding=\"async\" class=\"ws-dd-google-drive-image\" src=\"https:\/\/drive.google.com\/thumbnail?export=view&id=11uXi8Sy0BdnLtdmZQoB-1Bh45hgQmvnM&sz=w500\" alt=\"Asia Baker\" \/><div class=\"ws-dd-person-information\"><h3 class=\"ws-dd-person-name\">Asia Baker<\/h3><div class=\"ws-dd-person-position\">Teacher<\/div><div class=\"ws-dd-person-description\">PTECH<\/div><div class=\"ws-dd-person-email\"><a href=\"mailto:abaker2@aisd.net\">abaker2@aisd.net<\/a><\/div><\/article><article><img decoding=\"async\" class=\"ws-dd-google-drive-image\" src=\"https:\/\/drive.google.com\/thumbnail?export=view&id=1XNKQu80tFa3Ta6J-ERgX8oB-QWahT4hW&sz=w500\" alt=\"Kierra Johnson\" \/><div class=\"ws-dd-person-information\"><h3 class=\"ws-dd-person-name\">Kierra Johnson<\/h3><div class=\"ws-dd-person-position\">Teacher<\/div><div class=\"ws-dd-person-description\">PTECH<\/div><div class=\"ws-dd-person-email\"><a href=\"mailto:kjohns25@aisd.net [undefined:kjohns25@aisd.net]\">kjohns25@aisd.net [undefined:kjohns25@aisd.net]<\/a><\/div><\/article><article><img decoding=\"async\" class=\"ws-dd-google-drive-image\" src=\"https:\/\/drive.google.com\/thumbnail?export=view&id=1ieXIq9UmBJry4yk1CNDaROAEVYvOaoPz&sz=w500\" alt=\"Yvette Runnels\" \/><div class=\"ws-dd-person-information\"><h3 class=\"ws-dd-person-name\">Yvette Runnels<\/h3><div class=\"ws-dd-person-position\">Teacher<\/div><div class=\"ws-dd-person-description\">Math<\/div><div class=\"ws-dd-person-email\"><a href=\"mailto:yrunnels@aisd.net\">yrunnels@aisd.net<\/a><\/div><\/article><article><img decoding=\"async\" class=\"ws-dd-google-drive-image\" src=\"https:\/\/drive.google.com\/thumbnail?export=view&id=1RcDtil2n042DfXImBsqJD5YK631j164a&sz=w500\" alt=\"Monica Ramirez\" \/><div class=\"ws-dd-person-information\"><h3 class=\"ws-dd-person-name\">Monica Ramirez<\/h3><div class=\"ws-dd-person-position\">Teacher<\/div><div class=\"ws-dd-person-description\">PTECH-Math, Algebra I, II<\/div><div class=\"ws-dd-person-email\"><a href=\"mailto:mramir11@aisd.net\">mramir11@aisd.net<\/a><\/div><\/article><article><img decoding=\"async\" class=\"ws-dd-google-drive-image\" src=\"https:\/\/drive.google.com\/thumbnail?export=view&id=1u__CEPfc1w5G-Ln9gnzD_5hN74OQhloI&sz=w500\" alt=\"Nohely Vargas\" \/><div class=\"ws-dd-person-information\"><h3 class=\"ws-dd-person-name\">Nohely Vargas<\/h3><div class=\"ws-dd-person-position\">Teacher<\/div><div class=\"ws-dd-person-description\">Science<\/div><div class=\"ws-dd-person-email\"><a href=\"mailto:rgasq@aisd.net\">rgasq@aisd.net<\/a><\/div><\/article><article><img decoding=\"async\" class=\"ws-dd-google-drive-image\" src=\"https:\/\/drive.google.com\/thumbnail?export=view&id=1KFtLL_iCh3c5bO-Ahe1g57Tfhnpu1fI6&sz=w500\" alt=\"Minh Dang\" \/><div class=\"ws-dd-person-information\"><h3 class=\"ws-dd-person-name\">Minh Dang<\/h3><div class=\"ws-dd-person-position\">Teacher<\/div><div class=\"ws-dd-person-description\">PTECH, Chemistry<\/div><div class=\"ws-dd-person-email\"><a href=\"mailto:mdang2@aisd.net\">mdang2@aisd.net<\/a><\/div><\/article><article><img decoding=\"async\" class=\"ws-dd-google-drive-image\" src=\"https:\/\/drive.google.com\/thumbnail?export=view&id=1ruHRKiGugJfHGrkPGw-zLZhJqeUfTFhp&sz=w500\" alt=\"Cecilia Hernandez\" \/><div class=\"ws-dd-person-information\"><h3 class=\"ws-dd-person-name\">Cecilia Hernandez<\/h3><div class=\"ws-dd-person-position\">Teacher<\/div><div class=\"ws-dd-person-description\">PTECH, Principle of Health Science<\/div><div class=\"ws-dd-person-email\"><a href=\"mailto:cherna18@aisd.net\">cherna18@aisd.net<\/a><\/div><\/article><article><img decoding=\"async\" class=\"ws-dd-google-drive-image\" src=\"https:\/\/drive.google.com\/thumbnail?export=view&id=1JmWL6Hl0llYLni_E_JwzHBkerEQ9T82n&sz=w500\" alt=\"Shubhadrika Dhakal Nepal\" \/><div class=\"ws-dd-person-information\"><h3 class=\"ws-dd-person-name\">Shubhadrika Dhakal Nepal<\/h3><div class=\"ws-dd-person-position\">Teacher<\/div><div class=\"ws-dd-person-description\">PTECH, Health Science<\/div><div class=\"ws-dd-person-email\"><a href=\"mailto:sdhakaln@aisd.net\">sdhakaln@aisd.net<\/a><\/div><\/article><article><img decoding=\"async\" class=\"ws-dd-google-drive-image\" src=\"https:\/\/drive.google.com\/thumbnail?export=view&id=1EJ4ShpXpcAw7xx0armH2tgXHrQcj28Gm&sz=w500\" alt=\"Carl Howell\" \/><div class=\"ws-dd-person-information\"><h3 class=\"ws-dd-person-name\">Carl Howell<\/h3><div class=\"ws-dd-person-position\">Teacher<\/div><div class=\"ws-dd-person-description\">AP World History<\/div><div class=\"ws-dd-person-email\"><a href=\"mailto:chowell@aisd.net\">chowell@aisd.net<\/a><\/div><\/article><article><img decoding=\"async\" class=\"ws-dd-google-drive-image\" src=\"https:\/\/drive.google.com\/thumbnail?export=view&id=1lKsHn03vEsPQEef9wY-RFU6l-UQ1tuJq&sz=w500\" alt=\"Jeffrey Keefe\" \/><div class=\"ws-dd-person-information\"><h3 class=\"ws-dd-person-name\">Jeffrey Keefe<\/h3><div class=\"ws-dd-person-position\">Teacher<\/div><div class=\"ws-dd-person-description\">Pre-Advanced Placement Geography and IB Twentieth Century Topics<\/div><div class=\"ws-dd-person-email\"><a href=\"mailto:jkeefe@aisd.net\">jkeefe@aisd.net<\/a><\/div><\/article><\/div>\n\t<p><img decoding=\"async\" data-src=\"https:\/\/www.aisd.net\/bowie-high-school\/wp-content\/files\/sites\/25\/2020\/08\/PTECHlogo275-221x300-1.jpg\" alt=\"\" width=\"221\" height=\"300\" src=\"data:image\/svg+xml;base64,PHN2ZyB3aWR0aD0iMSIgaGVpZ2h0PSIxIiB4bWxucz0iaHR0cDovL3d3dy53My5vcmcvMjAwMC9zdmciPjwvc3ZnPg==\" class=\"lazyload\" style=\"--smush-placeholder-width: 221px; --smush-placeholder-aspect-ratio: 221\/300;\"><\/p>\n\t<h2>Information<\/h2>\n<ul>\n<li>\n<ul>\n<li>P-TECH Benefits<\/li>\n<\/ul>\n<\/li>\n<\/ul>\n\t\t\t\t\t<img decoding=\"async\" data-src=\"https:\/\/i.ytimg.com\/vi\/XzZbQ9eP_m4\/maxresdefault.jpg\" alt=\"youtube-video-thumbnail\" src=\"data:image\/svg+xml;base64,PHN2ZyB3aWR0aD0iMSIgaGVpZ2h0PSIxIiB4bWxucz0iaHR0cDovL3d3dy53My5vcmcvMjAwMC9zdmciPjwvc3ZnPg==\" class=\"lazyload\" \/>\n<ul>\n<li>P-TECH Area of Study\n<ul>\n<li><a href=\"https:\/\/www.aisd.net\/bowie-high-school\/wp-content\/files\/sites\/25\/2020\/10\/PHARMACY-TECHNICIAN.pdf\">Pharmacy Technician<\/a><\/li>\n<li><a href=\"https:\/\/www.aisd.net\/bowie-high-school\/wp-content\/files\/sites\/25\/2020\/10\/Central-Sterile-Processor.pdf\">Central Sterile Processing<\/a><\/li>\n<li><a href=\"https:\/\/www.aisd.net\/bowie-high-school\/wp-content\/files\/sites\/25\/2020\/10\/Health-Information-Technology.pdf.pdf\">Health Information Systems<\/a><\/li>\n<li><a href=\"https:\/\/www.aisd.net\/bowie-high-school\/wp-content\/files\/sites\/25\/2020\/10\/Ophthalmic-Assistant.pdf\">Ophthalmology<\/a><\/li>\n<\/ul>\n<\/li>\n<\/ul>\n\t<h3>\n\t\t\t\tTEA P-TECH Blueprint Information\n\t\t\t<\/h3>\n\t\t\t\t\t\t<h3>Benchmark 1:\u00a0School Design<\/h3>\n\t\t\t<ul>\n<li><a href=\"https:\/\/www.aisd.net\/bowie-high-school\/wp-content\/files\/sites\/25\/2022\/08\/2022-August-PD-Schedule.pdf\" target=\"_blank\" rel=\"noopener\">2022 August PD Schedule<\/a><\/li>\n<li><a href=\"https:\/\/www.aisd.net\/bowie-high-school\/wp-content\/files\/sites\/25\/2022\/08\/P-TECH-Teacher-Training-August.pdf\" target=\"_blank\" rel=\"noopener\">P-TECH Teacher Training-August<\/a><\/li>\n<li><a href=\"https:\/\/www.aisd.net\/bowie-high-school\/wp-content\/files\/sites\/25\/2022\/09\/Leadership-Board-Meeting-Sept-2022.pdf\" target=\"_blank\" rel=\"noopener\">Leadership Board Meeting-September<\/a><\/li>\n<li><a href=\"https:\/\/www.aisd.net\/bowie-high-school\/wp-content\/files\/sites\/25\/2023\/04\/Leadership-Board-Meeting-Jan-2023.pdf\">Leadership Board Meeting-January<\/a><\/li>\n<li><a href=\"https:\/\/www.aisd.net\/bowie-high-school\/wp-content\/files\/sites\/25\/2023\/04\/Spring-Leadership-Council-Arlington-ISD_TCC-1.pdf\">Spring Leadership Council Meeting<\/a><\/li>\n<li>Archive: Benchmark 1<\/li>\n<\/ul>\n\t\t\t\t\t\t<h3>Benchmark 2: Target Population<\/h3>\n\t\t\t<ul>\n<li><a href=\"https:\/\/www.aisd.net\/bowie-high-school\/wp-content\/files\/sites\/25\/2020\/09\/AISD-P-TECH-Flyer-ENGLISH-SPANISH.pdf\" target=\"_blank\" rel=\"noopener\">Marketing Brochure-English<\/a><\/li>\n<li><a href=\"https:\/\/www.aisd.net\/bowie-high-school\/wp-content\/files\/sites\/25\/2020\/09\/Communication-Plan-PTECH.doc\" target=\"_blank\" rel=\"noopener\">Communication Plan<\/a><\/li>\n<li><a href=\"https:\/\/w4.aisd.net\/ptech\/\" target=\"_blank\" rel=\"noopener\">P-Tech Application Link<\/a><\/li>\n<li><a href=\"https:\/\/www.aisd.net\/bowie-high-school\/wp-content\/files\/sites\/25\/2023\/04\/Recruitment-Plan-2023.pdf\">Recruitment Plan 2023<\/a><\/li>\n<li><a href=\"https:\/\/www.aisd.net\/bowie-high-school\/wp-content\/files\/sites\/25\/2023\/04\/AISD-Specialized-Programs-Comparison.pdf\">AISD Specialized Program Comparison<\/a><\/li>\n<li>Archive: Benchmark 2<\/li>\n<\/ul>\n\t\t\t\t\t\t<h3>Benchmark 3: Strategic Alliances<\/h3>\n\t\t\t<ul>\n<li><a href=\"https:\/\/drive.google.com\/file\/d\/1EBO5HiaS8aZ2FIlk2rrNjS7S-0Uv9bcM\/view?usp=sharing\" target=\"_blank\" rel=\"noopener\">Strategic Alliances<\/a><\/li>\n<li><a href=\"https:\/\/www.aisd.net\/bowie-high-school\/wp-content\/files\/sites\/25\/2022\/12\/MCA-PTECH-Bowie-MOU-10.20.22.pdf\" target=\"_blank\" rel=\"noopener\">AISD\/Medical City of Arlington MOU 2022<\/a><\/li>\n<li><a href=\"https:\/\/www.aisd.net\/bowie-high-school\/wp-content\/files\/sites\/25\/2021\/01\/Arlington-ISD-Bowie-PTECH-MOU-1.2021.pdf\" target=\"_blank\" rel=\"noopener\">Tarrant County College MOU-Part 1<\/a><\/li>\n<li><a href=\"https:\/\/www.aisd.net\/bowie-high-school\/wp-content\/files\/sites\/25\/2021\/01\/AISD-Bowie-P-TECH-Facilities-Use-Agreement-OM_210125.pdf\" target=\"_blank\" rel=\"noopener\">Tarrant County College MOU-Part 2 (Facilities Agreement)<\/a><\/li>\n<li><a href=\"https:\/\/www.aisd.net\/bowie-high-school\/wp-content\/files\/sites\/25\/2022\/02\/TCC-MOU-2022.pdf\" target=\"_blank\" rel=\"noopener\">TCC-MOU 2022<\/a><\/li>\n<li><a href=\"https:\/\/www.aisd.net\/bowie-high-school\/wp-content\/files\/sites\/25\/2022\/02\/AISD-Bowie-P-TECH-Facilities-Use-Agreement-OM_210125.pdf\" target=\"_blank\" rel=\"noopener\">AISD Bowie P-TECH Facilities<\/a><\/li>\n<li><a href=\"https:\/\/www.aisd.net\/bowie-high-school\/wp-content\/files\/sites\/25\/2022\/09\/Advisory-Meeting-September-2022-1.pdf\" target=\"_blank\" rel=\"noopener\">Advisory Board Meeting-September<\/a><\/li>\n<li><a href=\"https:\/\/www.aisd.net\/bowie-high-school\/wp-content\/files\/sites\/25\/2023\/02\/Advisory-Board-Meeting-February-2023.pdf\" target=\"_blank\" rel=\"noopener\">Advisory Board Meeting-February<\/a><\/li>\n<li>Archive: Benchmark 3<\/li>\n<\/ul>\n\t\t\t\t\t\t<h3>Benchmark 4: Curriculum, Instruction and Assessment<\/h3>\n\t\t\t<ul>\n<li><a href=\"https:\/\/www.aisd.net\/bowie-high-school\/wp-content\/files\/sites\/25\/2020\/12\/CCMR-Testing-Plan.pdf\" target=\"_blank\" rel=\"noopener\">Testing Plan<\/a><\/li>\n<li><a href=\"https:\/\/www.aisd.net\/bowie-high-school\/wp-content\/files\/sites\/25\/2021\/01\/Core-Course-Alignment-Bowie-P-TECH.pdf\" target=\"_blank\" rel=\"noopener\">Core Course Alignment<\/a>\u00a0<\/li>\n<li><a href=\"https:\/\/www.aisd.net\/bowie-high-school\/wp-content\/files\/sites\/25\/2021\/02\/Health-Science-Course-Alignment.pdf\" target=\"_blank\" rel=\"noopener\">Health Science Crosswalks<\/a><\/li>\n<li><a href=\"https:\/\/docs.google.com\/spreadsheets\/d\/1pUk8UvK7Hifo_2d-HYvwSZqfE67Zw1V2vnXePO56_iw\/edit?usp=sharing\" target=\"_blank\" rel=\"noopener\">Four-Year Crosswalks<\/a><\/li>\n<li><a href=\"https:\/\/www.aisd.net\/bowie-high-school\/wp-content\/files\/sites\/25\/2022\/09\/2022-2023-Testing-Plan-P-TECH.pdf\" target=\"_blank\" rel=\"noopener\">Testing Plan<\/a><\/li>\n<li><a href=\"https:\/\/www.aisd.net\/bowie-high-school\/wp-content\/files\/sites\/25\/2023\/04\/2023-P-TECH-Master-Schedule.pdf\">2023 P-TECH Master Schedule<\/a><\/li>\n<li>Archive: Benchmark 4<\/li>\n<\/ul>\n\t\t\t\t\t\t<h3>Benchmark 5: Work-Based Learning<\/h3>\n\t\t\t<ul>\n<li><a href=\"https:\/\/www.aisd.net\/bowie-high-school\/wp-content\/files\/sites\/25\/2020\/10\/Workforce-Solutions-for-Tarrant-County-Target-Occupations-List-2018-2019.pdf\" target=\"_blank\" rel=\"noopener\">Workforce Solutions for Tarrant County Target Occupations List 2018-2019<\/a><\/li>\n<li><a href=\"https:\/\/drive.google.com\/drive\/folders\/1V8G69Yx2dvzup88DYHfibri38vBsbfDp?usp=sharing\" target=\"_blank\" rel=\"noopener\">Health Occupations Summit Pictures-October 2021<\/a><\/li>\n<li><a href=\"https:\/\/drive.google.com\/drive\/folders\/1TVM5vyHI7m0L1OPTmwaxygAGBn6EviL3?usp=sharing\" target=\"_blank\" rel=\"noopener\">Blood Pressure Lab<\/a><\/li>\n<li><a href=\"https:\/\/drive.google.com\/drive\/folders\/1_IieJ5REoP_z_svkVKe3VT51ITb9jhRG?usp=sharing\" target=\"_blank\" rel=\"noopener\">Cardiovascular PrB<\/a><\/li>\n<li><a href=\"https:\/\/drive.google.com\/drive\/folders\/19BGLdEFdtbNUHhoX9QSWgFBXxM5_Fvpj?usp=sharing\" target=\"_blank\" rel=\"noopener\">Integumentary System<\/a><\/li>\n<li><a href=\"https:\/\/drive.google.com\/drive\/folders\/1dP8wklTchwoppp26iskUtkb7om4yPIOj?usp=sharing\" target=\"_blank\" rel=\"noopener\">Spring Exhibition Night<\/a><\/li>\n<li>\n<a href=\"https:\/\/drive.google.com\/drive\/folders\/1NUMQ0dWjS9ma8WHWn0DkMl9_Ghnc0RXA?usp=sharing\" target=\"_blank\" rel=\"noopener\">UNTHSC Field trip<\/a>\n\u00a0\n<\/li>\n<li><a href=\"https:\/\/www.aisd.net\/bowie-high-school\/wp-content\/files\/sites\/25\/2023\/04\/October-6-2022-Healthcare-Conference.pdf\">October 6, 2022 Healthcare Summit<\/a><\/li>\n<li><a href=\"https:\/\/drive.google.com\/drive\/folders\/1FsLpZLC7MlG2hxN_M3aYZOYwJGLAhvDo?usp=share_link\" target=\"_blank\" rel=\"noopener\">Healthcare Summit Pictures<\/a><\/li>\n<li><a href=\"https:\/\/drive.google.com\/drive\/folders\/1FsLpZLC7MlG2hxN_M3aYZOYwJGLAhvDo?usp=share_link\" target=\"_blank\" rel=\"noopener\">NASA HUNCH Participation<\/a><\/li>\n<li><a href=\"https:\/\/www.aisd.net\/bowie-high-school\/wp-content\/files\/sites\/25\/2023\/04\/Bowie-P-TECH-Exhibition-Night-scaled.jpeg\">Spring 2023 Exhibition Night<\/a><\/li>\n<li><a href=\"https:\/\/www.aisd.net\/bowie-high-school\/wp-content\/files\/sites\/25\/2023\/07\/Sophomore-and-Junior-TSIA2-Bootcamp.pdf\" target=\"_blank\" rel=\"noopener\">TSIA 2 Summer Bridge Camp<\/a><\/li>\n<li>Archive: Benchmark 5<\/li>\n<\/ul>\n<p>\u00a0<\/p>\n\t\t\t\t\t\t<h3>Benchmark 6: Student Support<\/h3>\n\t\t\t<ul>\n<li><a href=\"https:\/\/www.aisd.net\/bowie-high-school\/wp-content\/files\/sites\/25\/2022\/08\/P-TECH-2022-Fall-Bridge.pdf\">P-TECH 2022 Fall Bridge<\/a><\/li>\n<li><a href=\"https:\/\/www.aisd.net\/bowie-high-school\/wp-content\/files\/sites\/25\/2022\/08\/P-TECH-Open-House-PTECH-Flyer.png\">P-TECH Fall Open House Agenda<\/a><\/li>\n<li><a href=\"https:\/\/www.aisd.net\/bowie-high-school\/wp-content\/files\/sites\/25\/2022\/12\/P-TECH-Updates-scaled.jpeg\" target=\"_blank\" rel=\"noopener\">P-TECH Fall Parent Info Agenda<\/a><\/li>\n<li><a href=\"https:\/\/www.aisd.net\/bowie-high-school\/wp-content\/files\/sites\/25\/2022\/12\/P-TECH-Cohort-2027-Info-Session-2.pdf\" target=\"_blank\" rel=\"noopener\">P-TECH Incoming Freshmen Info Agenda<\/a><\/li>\n<li>Archive: Benchmark 6<\/li>\n<\/ul>\n\t<ul>\n<li><a href=\"https:\/\/www.aisd.net\/bowie-high-school\/wp-content\/files\/sites\/25\/2020\/07\/P-TECH-Blueprint.pdf\" target=\"_blank\" rel=\"noopener noreferrer\">P-TECH Blueprint<\/a><\/li>\n<li><a href=\"https:\/\/www.aisd.net\/bowie-high-school\/wp-content\/files\/sites\/25\/2020\/11\/Admission-Policy-P-TECH.doc\" target=\"_blank\" rel=\"noopener\">Enrollment Expectations<\/a>\u00a0(click to start download)<\/li>\n<\/ul>\n<h2>FAQ&#8217;s<\/h2>\n<ul>\n<li><a href=\"https:\/\/www.aisd.net\/bowie-high-school\/wp-content\/files\/sites\/25\/2020\/09\/P-TECH-FAQs.pdf\">Student FAQ&#8217;s<\/a><\/li>\n<li><a href=\"https:\/\/docs.google.com\/forms\/d\/e\/1FAIpQLSfcoBJYvo7M5p8Po652Lrd9AdKnZyf3P3mNS-S4jeEIbxILOw\/viewform?vc=0&amp;c=0&amp;w=1\" target=\"_blank\" rel=\"noopener\">Click to complete Google Form<\/a> to request more information<\/li>\n<\/ul>\n\t<h2>Contact Us<\/h2>\nAlicia DeVaull, Administrator\nEmail: adevaull@aisd.net\nPhone: 682-867-4408<br \/>\nRoom 111\n\n","protected":false},"excerpt":{"rendered":"<p>Applications for all Specialized Programs for the 2025 &#8211; 2026 school year are now open. LEARN MORE English Espanol English What is P-Tech? Pathways in Technology Early College High Schools (P-TECH) are innovative open-enrollment high schools that allow students least likely to attend college an opportunity to receive both a high school diploma and a&hellip;<\/p>\n","protected":false},"author":36,"featured_media":0,"parent":16,"menu_order":0,"comment_status":"closed","ping_status":"closed","template":"","meta":{"_acf_changed":false,"footnotes":"","_links_to":"","_links_to_target":""},"class_list":["post-10955","page","type-page","status-publish","hentry"],"acf":[],"_links":{"self":[{"href":"https:\/\/www.aisd.net\/bowie-high-school\/wp-json\/wp\/v2\/pages\/10955","targetHints":{"allow":["GET"]}}],"collection":[{"href":"https:\/\/www.aisd.net\/bowie-high-school\/wp-json\/wp\/v2\/pages"}],"about":[{"href":"https:\/\/www.aisd.net\/bowie-high-school\/wp-json\/wp\/v2\/types\/page"}],"author":[{"embeddable":true,"href":"https:\/\/www.aisd.net\/bowie-high-school\/wp-json\/wp\/v2\/users\/36"}],"replies":[{"embeddable":true,"href":"https:\/\/www.aisd.net\/bowie-high-school\/wp-json\/wp\/v2\/comments?post=10955"}],"version-history":[{"count":"4","href":"https:\/\/www.aisd.net\/bowie-high-school\/wp-json\/wp\/v2\/pages\/10955\/revisions"}],"predecessor-version":[{"id":15545,"href":"https:\/\/www.aisd.net\/bowie-high-school\/wp-json\/wp\/v2\/pages\/10955\/revisions\/15545"}],"up":[{"embeddable":true,"href":"https:\/\/www.aisd.net\/bowie-high-school\/wp-json\/wp\/v2\/pages\/16"}],"wp:attachment":[{"href":"https:\/\/www.aisd.net\/bowie-high-school\/wp-json\/wp\/v2\/media?parent=10955"}],"curies":[{"name":"wp","href":"https:\/\/api.w.org\/{rel}","templated":true}]}}